{"id":2968,"date":"2025-08-29T11:56:05","date_gmt":"2025-08-29T09:56:05","guid":{"rendered":"https:\/\/sabineschueller.com\/?page_id=2968"},"modified":"2025-09-05T15:22:54","modified_gmt":"2025-09-05T13:22:54","slug":"programme-2","status":"publish","type":"page","link":"https:\/\/sabineschueller.com\/?page_id=2968","title":{"rendered":"PROGRAMME"},"content":{"rendered":"\n<p>Willst du wissen, wie du klingst? Dann lass uns das zusammen rausfinden, mit meinem Start-Paket&nbsp;<strong>deiner Stimm- und Sprechanalyse<\/strong>.<br><br>Komm in mein Programm&nbsp;zu <strong>Vibrant Speaking<\/strong> &#8211; The Inner Voice Method, wenn du neben der&nbsp;<strong>Kunst des Sprechens,<\/strong> <strong>dich selbst erkennen willst.<\/strong><br><br>Im <strong>1:1 Mentoring<\/strong> arbeiten wir ganz gezielt an deiner <strong>Energie <\/strong>sowie deiner<strong> Stimme <\/strong>und <strong>Sprechweise.<\/strong><br><br>Nichts ist so individuell, wie DU SELBST. Sprich mich pers\u00f6nlich an. Gemeinsam kreieren wir DEIN Angebot!<\/p>\n\n\n\n<div class=\"wp-block-buttons is-layout-flex wp-block-buttons-is-layout-flex\">\n<div class=\"wp-block-button\"><a class=\"wp-block-button__link wp-element-button\" href=\"mailto:schueller@klang-lust.de\" target=\"_blank\" rel=\"noreferrer noopener\">Schreib mir!<\/a><\/div>\n<\/div>\n\n\n\n<h2 class=\"wp-block-heading has-text-align-center\"><strong>Dein <strong>1:1 Mentorin<\/strong>g Programm<\/strong><\/h2>\n\n\n\n<p class=\"has-text-align-center\"><strong>Vibrant Speaking \u2013 Awaken the Power of Your Inner Voice<\/strong><\/p>\n\n\n\n<p class=\"has-text-align-center\"><strong><\/strong><strong>Erwecke die Kraft deiner inneren Stimme<\/strong><strong><\/strong><\/p>\n\n\n\n<p><strong>Dein Weg zur\u00fcck zu dir \u2013 und in deine authentische Pr\u00e4senz<\/strong><\/p>\n\n\n\n<p>Dieses Programm ist anders. Es geht nicht darum, eine Technik zu erlernen oder dich in eine Rolle zu pressen. Es geht darum, dich mit <strong>deiner Essenz zu verbinden,<\/strong> <strong>Blockaden zu l\u00f6sen<\/strong> und <strong>deine Stimme als klaren, lebendigen Ausdruck deiner Seele zu entfalten.<\/strong><\/p>\n\n\n\n<p>Die 5 Schritte deines Weges:<\/p>\n\n\n\n<ol class=\"wp-block-list\">\n<li><strong>Verbinde dich mit deiner Essenz &amp; inneren Stimme<\/strong><br>\u2013 Du lernst, deiner wahren Stimme zu lauschen und dich mit deiner ureigenen Frequenz zu verbinden.<br><\/li>\n\n\n\n<li><strong>L\u00f6se alte Glaubenss\u00e4tze &amp; Blockaden<\/strong><br>\u2013 Alles, was dich klein h\u00e4lt oder unsichtbar macht, darf gehen. Deine innere Freiheit beginnt hier.<br><\/li>\n\n\n\n<li><strong>Speak Your Truth<\/strong><br>\u2013 Du findest Worte, die echt sind, die dich zeigen und deine Botschaft unverf\u00e4lscht nach au\u00dfen tragen.<br><\/li>\n\n\n\n<li><strong>Reconnect with your Essence (auf tiefer Ebene)<\/strong><br>\u2013 Du st\u00e4rkst die Verbindung zu deinem Herzen und lernst, deine Energie bewusst in deine Stimme zu legen.<br><\/li>\n\n\n\n<li><strong>Unlock your Signature Presence<\/strong><br>\u2013 Du entfaltest deine einzigartige Pr\u00e4senz, die nicht trainiert, sondern verk\u00f6rpert ist. Hier beginnt deine magnetische Ausstrahlung.<\/li>\n<\/ol>\n\n\n\n<p>Der Nutzen f\u00fcr dich:<\/p>\n\n\n\n<ul class=\"wp-block-list\">\n<li>Du wirst <strong>klarer, sicherer und authentischer<\/strong> in deiner <strong>Kommunikation.<\/strong><\/li>\n\n\n\n<li>Du <strong>gewinnst Pr\u00e4senz<\/strong> \u2013 in Meetings, auf B\u00fchnen, in Gespr\u00e4chen.<\/li>\n\n\n\n<li>Du erlebst, wie sich dein <strong>inneres Gef\u00fchl von Wahrheit nach au\u00dfen \u00fcbertr\u00e4gt.<\/strong><\/li>\n\n\n\n<li>Du <strong>wirst magnetisch f\u00fcr Chancen, Verbindungen und Resonanz.<\/strong><\/li>\n<\/ul>\n\n\n\n<p><strong>Das Besondere:<\/strong><br>Dieses Programm verbindet <strong>Stimm- &amp; Sprechtraining, Energiearbeit<\/strong> und <strong>innere Transformation<\/strong> auf eine Weise, die es <strong>so nicht gibt. <\/strong>Es geht nicht darum, dich zu formen \u2013 sondern darum, <strong>dich zu entfalten.<\/strong><\/p>\n\n\n<div class=\"wp-block-image\">\n<figure class=\"aligncenter size-large\"><img fetchpriority=\"high\" decoding=\"async\" width=\"791\" height=\"1024\" src=\"https:\/\/sabineschueller.com\/wp-content\/uploads\/2025\/08\/12-1-791x1024.png\" alt=\"\" class=\"wp-image-2971\" srcset=\"https:\/\/sabineschueller.com\/wp-content\/uploads\/2025\/08\/12-1-791x1024.png 791w, https:\/\/sabineschueller.com\/wp-content\/uploads\/2025\/08\/12-1-232x300.png 232w, https:\/\/sabineschueller.com\/wp-content\/uploads\/2025\/08\/12-1-768x994.png 768w, https:\/\/sabineschueller.com\/wp-content\/uploads\/2025\/08\/12-1-1187x1536.png 1187w, https:\/\/sabineschueller.com\/wp-content\/uploads\/2025\/08\/12-1.png 1545w\" sizes=\"(max-width: 791px) 100vw, 791px\" \/><\/figure><\/div>\n\n\n<figure class=\"wp-block-gallery has-nested-images columns-default is-cropped wp-block-gallery-1 is-layout-flex wp-block-gallery-is-layout-flex\">\n<figure class=\"wp-block-image size-large\"><img decoding=\"async\" width=\"791\" height=\"1024\" data-id=\"2972\" src=\"https:\/\/sabineschueller.com\/wp-content\/uploads\/2025\/08\/13-1-791x1024.png\" alt=\"\" class=\"wp-image-2972\" srcset=\"https:\/\/sabineschueller.com\/wp-content\/uploads\/2025\/08\/13-1-791x1024.png 791w, https:\/\/sabineschueller.com\/wp-content\/uploads\/2025\/08\/13-1-232x300.png 232w, https:\/\/sabineschueller.com\/wp-content\/uploads\/2025\/08\/13-1-768x994.png 768w, https:\/\/sabineschueller.com\/wp-content\/uploads\/2025\/08\/13-1-1187x1536.png 1187w, https:\/\/sabineschueller.com\/wp-content\/uploads\/2025\/08\/13-1.png 1545w\" sizes=\"(max-width: 791px) 100vw, 791px\" \/><\/figure>\n\n\n\n<figure class=\"wp-block-image size-large\"><img decoding=\"async\" width=\"791\" height=\"1024\" data-id=\"2974\" src=\"https:\/\/sabineschueller.com\/wp-content\/uploads\/2025\/08\/sheets-Programm-Innere-Stimme-791x1024.png\" alt=\"\" class=\"wp-image-2974\" srcset=\"https:\/\/sabineschueller.com\/wp-content\/uploads\/2025\/08\/sheets-Programm-Innere-Stimme-791x1024.png 791w, https:\/\/sabineschueller.com\/wp-content\/uploads\/2025\/08\/sheets-Programm-Innere-Stimme-232x300.png 232w, https:\/\/sabineschueller.com\/wp-content\/uploads\/2025\/08\/sheets-Programm-Innere-Stimme-768x994.png 768w, https:\/\/sabineschueller.com\/wp-content\/uploads\/2025\/08\/sheets-Programm-Innere-Stimme-1187x1536.png 1187w, https:\/\/sabineschueller.com\/wp-content\/uploads\/2025\/08\/sheets-Programm-Innere-Stimme.png 1545w\" sizes=\"(max-width: 791px) 100vw, 791px\" \/><\/figure>\n<\/figure>\n\n\n\n<p><\/p>\n","protected":false},"excerpt":{"rendered":"<p>Willst du wissen, wie du klingst? Dann lass uns das zusammen rausfinden, mit meinem Start-Paket&nbsp;deiner Stimm- und Sprechanalyse. Komm in mein Programm&nbsp;zu Vibrant Speaking &#8211; The Inner Voice Method, wenn du neben der&nbsp;Kunst des Sprechens, dich selbst erkennen willst. Im 1:1 Mentoring arbeiten wir ganz gezielt an deiner Energie sowie deiner Stimme und Sprechweise. Nichts [&hellip;]<\/p>\n","protected":false},"author":1,"featured_media":45,"parent":0,"menu_order":0,"comment_status":"closed","ping_status":"closed","template":"","meta":{"footnotes":""},"class_list":["post-2968","page","type-page","status-publish","has-post-thumbnail","hentry"],"_links":{"self":[{"href":"https:\/\/sabineschueller.com\/index.php?rest_route=\/wp\/v2\/pages\/2968","targetHints":{"allow":["GET"]}}],"collection":[{"href":"https:\/\/sabineschueller.com\/index.php?rest_route=\/wp\/v2\/pages"}],"about":[{"href":"https:\/\/sabineschueller.com\/index.php?rest_route=\/wp\/v2\/types\/page"}],"author":[{"embeddable":true,"href":"https:\/\/sabineschueller.com\/index.php?rest_route=\/wp\/v2\/users\/1"}],"replies":[{"embeddable":true,"href":"https:\/\/sabineschueller.com\/index.php?rest_route=%2Fwp%2Fv2%2Fcomments&post=2968"}],"version-history":[{"count":7,"href":"https:\/\/sabineschueller.com\/index.php?rest_route=\/wp\/v2\/pages\/2968\/revisions"}],"predecessor-version":[{"id":2998,"href":"https:\/\/sabineschueller.com\/index.php?rest_route=\/wp\/v2\/pages\/2968\/revisions\/2998"}],"wp:featuredmedia":[{"embeddable":true,"href":"https:\/\/sabineschueller.com\/index.php?rest_route=\/wp\/v2\/media\/45"}],"wp:attachment":[{"href":"https:\/\/sabineschueller.com\/index.php?rest_route=%2Fwp%2Fv2%2Fmedia&parent=2968"}],"curies":[{"name":"wp","href":"https:\/\/api.w.org\/{rel}","templated":true}]}}